t v be (-64)/(-4) + -1*2. Calculate the highest common factor of v and r.
14
Let d = 164 + -98. Let k be 12/3 + -22 + 29. What is the greatest common divisor of d and k?
11
Let o = -875 + 977. Calculate the greatest common factor of 4182 and o.
102
Let r(z) = 5*z - 5. Suppose 3*v - 8 = -v. Let g be r(v). Let n be (-2)/(-2) - (-42)/3. Calculate the highest common factor of n and g.
5
Let w be (-11)/(-3) + 2/6 - 6. Let m(l) = 2*l + 6. Let y be m(w). What is the highest common divisor of y and 16?
2
Let j = 97 + 191. Calculate the greatest common divisor of j and 24.
24
Let k = -332 + 342. What is the greatest common factor of 370 and k?
10
Let g(t) = t**3 - 6*t**2 - t + 5. Let n be g(6). Let q(z) = -z + 2. Let f be q(n). What is the greatest common divisor of 27 and f?
3
Let z(f) = f + 21. Suppose 39 = -3*d - y - 3*y, 2*d = -5*y - 33. Let t be z(d). Calculate the highest common divisor of 12 and t.
12
Let h(a) = a**2 - 6*a + 31. Let u be h(4). What is the greatest common factor of 621 and u?
23
Let u = 48 + -34. Let y be (-165)/(-90) + 1/6. What is the greatest common divisor of y and u?
2
Let z(b) = -50*b - 48. Let k be z(-6). What is the highest common divisor of 56 and k?
28
Let j be (-7)/(-2)*(-96)/(-56). Suppose 0 = 14*r - j*r - 56. What is the highest common factor of 77 and r?
7
Let u = 18 - 16. Let a(p) = 4*p - 10*p**2 + 25*p**u - 2*p. Let n be a(-2). What is the greatest common divisor of 8 and n?
8
Suppose 18*n = 25*n - 21. Calculate the greatest common divisor of 5 and n.
1
Suppose -246 = -35*q + 139. Calculate the highest common factor of q and 33.
11
Let h(j) be the second derivative of 13*j**5/10 - j**4/4 + j**3/6 + j**2/2 - 21*j. Let b be h(1). Calculate the greatest common factor of 5 and b.
5
Let i = 35 + -15. Let o be (-3)/((-4 - -3)*1). Let j = 8 - o. What is the greatest common divisor of j and i?
5
Suppose -8 = -2*o, 0 = -5*c + 7*c - 5*o - 50. Calculate the highest common divisor of c and 28.
7
Suppose -987 = -22*c + 201. Calculate the highest common factor of c and 621.
27
Let a = -648 + 883. Calculate the greatest common divisor of a and 5.
5
Suppose 0 = -2*c + d + 4*d - 4, -5*c - 10 = -3*d. Let l be 55 - 15/(-6)*c. What is the greatest common factor of l and 5?
5
Suppose -7*p - 3*q = -70, 120*q - 30 = -3*p + 125*q. Let g(x) = -30*x**3 + x**2 - 1. Let f be g(-1). Calculate the greatest common divisor of f and p.
10
Let q = 1163 + -1001. Calculate the highest common divisor of 126 and q.
18
Let i(a) = 213*a**2 - 4*a - 2. Let w be i(-1). Calculate the greatest common divisor of w and 5.
5
Let h(n) = 4*n + 8*n + 182 - 10*n. Let b be h(0). Calculate the highest common divisor of 14 and b.
14
Let w be (7847/(-42))/(4/(-24)). What is the greatest common factor of w and 59?
59
Let c = 32 + -98. Let h = c + 89. Let k = 56 + -33. Calculate the greatest common divisor of k and h.
23
Let r = 578 + -345. Suppose -37 = -9*b + r. Calculate the highest common factor of b and 40.
10
Let g(b) = 11*b**2 - 6*b + 6. Let m be g(1). Let l(s) = -s**3 - 7*s**2 + 5*s - 2. Let r be l(-8). What is the greatest common divisor of r and m?
11
Let b(w) = -35*w - 1. Let l = -4 - -7. Let c(x) = x**3 - 2*x**2 - 5*x + 3. Let r be c(l). Let u be b(r). What is the highest common divisor of 13 and u?
13
Suppose 30 = 2*k - 4. Suppose -391 = -2*n - 21*n. Calculate the greatest common divisor of k and n.
17
Suppose 0 = q - 5, 5*u = 8*u + 3*q - 645. Let n = 12 + 18. What is the greatest common divisor of u and n?
30
Let x(h) = 2*h**3 - 13*h**2 - 8*h + 15. Let f be x(8). Let d be (-2)/7 + (-306)/7. Let t = f + d. Calculate the highest common factor of t and 9.
9
Let r be (8/(-40))/(2/20*-2). What is the greatest common factor of r and 6?
1
Let o be (96/(-15))/((8/(-20))/2). Let a = -104 - -106. Calculate the highest common factor of o and a.
2
Suppose 3*n = 1044 - 975. What is the greatest common factor of 11 and n?
1
Let f(j) = j**3 + 2*j**2 + 4*j + 3. Let s be f(0). What is the greatest common divisor of s and 48?
3
Let i be 22/8 - 2 - 7525/(-100). Calculate the greatest common factor of i and 95.
19
Let v = -31 + 101. Let y(j) = j**2 + 16*j + 14. Let f be y(-10). Let i = v + f. Calculate the greatest common factor of 60 and i.
12
Let q be 117*(1 - (-8)/(-12)). Suppose -2*j = -q - 99. Calculate the highest common factor of j and 46.
23
Let d(f) = 8*f - 45. Let g be d(6). Let a be 154*(g/(-4))/((-18)/12). What is the greatest common factor of a and 11?
11
Suppose 5*c - 137 = 383. Let h = c - 16. Let a be (-1)/(-2) - (-42)/4. What is the highest common divisor of h and a?
11
Let v = -544 - -581. Calculate the highest common factor of 814 and v.
37
Let x(q) = -q**2 + 6*q - 3. Let b be -5 + 2 - 4*2. Let o = 16 + b. Let m be x(o). What is the highest common divisor of m and 8?
2
Suppose -2*n = -5*j + 8651, -3*j + 4*n - n + 5196 = 0. Calculate the greatest common factor of j and 91.
91
Let s be ((-2)/4)/((-2)/772) + 2. Calculate the highest common divisor of 15 and s.
15
Suppose 0 = -4*z + c + 226, 0 = 2*z - 0*z + c - 110. Suppose z + 0 = 8*x. Calculate the greatest common factor of 28 and x.
7
Suppose 3*t + 0*t + 37 = 2*x, 0 = -5*x + t + 112. What is the highest common factor of x and 437?
23
Suppose m - 4*m + 9 = 0. Suppose 0 = -u - m*u - 176. Let f = 62 + u. What is the greatest common divisor of 2 and f?
2
Let g(i) = 5*i**2 - 8*i - 11. Let t be g(-6). Let n = t + -105. Calculate the greatest common divisor of n and 14.
14
Suppose -335 = -6*a + 85. Calculate the greatest common divisor of a and 20.
10
Let u be (-1 - -103)/(3/2). Suppose 2*i = 5*f + 63, 3*i - 25*f = -26*f + 103. Calculate the highest common factor of i and u.
34
Let l = 46 + 18. Let c(w) = -w**3 + 8*w**2 - 10*w - 4. Let q be c(6). What is the highest common factor of q and l?
8
Let h = 16 - 23. Let x(p) = p**2 + 9*p + 12. Let f be x(h). Let y be (f - 0)*(-3 - 18). Calculate the highest common factor of 14 and y.
14
Let r = -134 - -403. Let k = r - 104. Suppose -165 = 3*f - 8*f. Calculate the highest common divisor of f and k.
33
Let s = 230 - 134. What is the greatest common divisor of s and 120?
24
Suppose 2 - 8 = -3*g. Let w(y) = 2*y**2 + 7*y + 9. Let o be w(-3). Suppose -3*v + 12 = o. What is the highest common divisor of g and v?
2
Suppose -4*z - 3*j + 235 = 2*j, -2*z = -4*j - 124. Suppose 3*g - 2 = 34. Calculate the greatest common factor of z and g.
12
Let z = 287 - 235. Calculate the greatest common divisor of z and 91.
13
Let r = 47 - 11. Let i = -3 - -5. Suppose -i - 34 = -3*y. Calculate the greatest common factor of y and r.
12
Let z = -7 + 31. What is the highest common divisor of 408 and z?
24
Let a be (2 + -1)*1 + 43. Let p(s) = 24*s - 78. Let n be p(6). Calculate the greatest common divisor of a and n.
22
Suppose 3 = -q + 15. Suppose 26*x - 452 + 140 = 0. Calculate the greatest common factor of q and x.
12
Let g = -277 + 307. Calculate the highest common factor of g and 270.
30
Let d(t) = -t**3 + 9*t**2 - 6*t + 1. Let x be d(8). Suppose 2*u = -x + 63. What is the greatest common divisor of u and 115?
23
Let q(x) = -14*x**3 + 2*x**2 + 4*x + 8. Let s be q(-2). Calculate the highest common factor of 300 and s.
60
Suppose 3*c - 8*c - 103 = -4*g, 0 = -2*g - 3*c + 79. Let d = -9 + g. What is the highest common divisor of 46 and d?
23
Suppose -5*d = -84 - 16. Let r(k) = 69*k**2 + k + 2. Let f be r(-1). Calculate the greatest common factor of f and d.
10
Let o be 2 + (4 - (-658)/7). What is the highest common factor of 150 and o?
50
Let q = 1766 + -899. What is the highest common divisor of 51 and q?
51
Let f be 19/2 + 2/4. Suppose -93 = -13*x - 41. What is the highest common divisor of f and x?
2
Let y = -47 - -710. Suppose 4*u - y - 517 = 0. Suppose -5*w - u = -5*x, 4*x - 5*w = x + 187. Calculate the greatest common factor of 36 and x.
18
Let q(a) be the first derivative of 2*a**3/3 + 2*a - 1. Let o be q(5). Let d be ((-275)/22)/(-25)*26. Calculate the highest common divisor of o and d.
13
Suppose -3*f = d - 17, 16 - 6 = 2*f + d. Calculate the greatest common factor of f and 168.
7
Let o(z) = -z**2 + 20*z + 21. Let t be o(19). What is the greatest common factor of t and 440?
40
Let i = 116 - 115. Let v(k) = -5 + 2 + 2*k - 10. Let w be v(10). What is the greatest common factor of w and i?